?
2
Suppose -20*f = 2842 - 7522. Let r = 444 + f. What is the units digit of r?
8
Suppose z + 4*z = -4*x + 26, -3*x - 2*z = -16. Let p = x - -1. Suppose -5*o = 4*b - 141, -4*b - b - p = -o. What is the units digit of o?
5
Suppose 2328 = 49*f - 47*f. Let u = f + -590. Let v = u + -382. What is the hundreds digit of v?
1
Suppose 2*q = 11 - 5. Suppose 0 = -q*k + 23 - 11. Suppose k*y = 3*m + 837, 2*y + 659 = 5*y + 4*m. What is the hundreds digit of y?
2
Let c be ((-15)/6)/(1 + 9/(-6)). Suppose 4*s = c*u + 49, 5*u = 3*s + 2*s - 55. Suppose -4*y = s*x - x - 165, 3*x = 2*y + 77. What is the units digit of x?
9
Let i(t) = -2*t**3 + 64*t**2 + 144*t - 57. What is the hundreds digit of i(33)?
5
Suppose -10*d = j - 7*d - 18702, -3*j = -d - 56056. What is the hundreds digit of j?
6
Let f(b) = -2*b**2 + 3*b**2 + b**2 - 13*b + 4. Let l(v) = -245*v - 234. Let c be l(-1). What is the tens digit of f(c)?
0
Let d be (430/(-12) - -2) + (-4)/24. Let l be (60/(-8) + 1)*d. Let p = l - 152. What is the units digit of p?
9
Let d(n) = -60*n**3 + 6*n**2 + 99*n + 994. What is the thousands digit of d(-9)?
4
Let y = 116 - 113. Let x be y + (-28)/12 + 44/(-3). Let p(r) = -2*r - 21. What is the units digit of p(x)?
7
Let v be 0/((-11)/(-4) - 7/(-28)). Suppose v = -l - q - 0 + 6, -5*l + 30 = -5*q. What is the hundreds digit of ((-200)/l)/(-1*1/3)?
1
Let k = 62 - 70. Let w(z) = -9*z - 11. Let p be w(k). Let x = -53 + p. What is the units digit of x?
8
Let j(c) = -c**2 - 3*c + 34. Let q(l) = -l**2 - 6*l + 9. Let b be q(-8). Let k be j(b). Suppose 0 = -5*m, -5*g + k*m + 75 = 7*m. What is the units digit of g?
5
Suppose m = -16 + 20. Suppose -4*t = -m*r + 300, 3*r + 5*t - 318 = -r. Let y = r - -23. What is the units digit of y?
0
Let w = 63436 + -32284. What is the units digit of w?
2
Let u(s) = s**3 + 14*s**2 + 4*s - 12. Let t be u(-9). Let q(p) = 7*p + p**2 + 0*p**2 - 368 + t. What is the tens digit of q(-13)?
6
Let g(o) = -o**3 - 6*o**2 - 15*o - 463. What is the units digit of g(-17)?
1
Suppose 0 = -4*w + 3*m + 878, w - 228 = -18*m + 23*m. Let b = 355 - w. What is the hundreds digit of b?
1
Let m be 8/(-44) - (-1)/((-44)/212). Let b = m + 9. Suppose 4*u - s = -0*s + 504, b*u + 2*s = 492. What is the hundreds digit of u?
1
Suppose 71*u + 2*u + 88*u - 2059834 = 0. What is the tens digit of u?
9
Let k(p) = 507*p**2 + 770*p - 15. What is the tens digit of k(-9)?
2
Suppose 0 = 12*j - 1955 + 203. Suppose -j - 618 = -4*y. What is the tens digit of y?
9
Let s = 182 + -181. What is the tens digit of -47 + 45 + (s - (1 - 41))?
3
Suppose -5*s + 9 = 3*v - 20, -2*v = 4*s - 22. What is the units digit of (-2 + s + 1)/(45/10200)?
0
Let g(d) = 2 - 11*d + 5*d**3 + 4 + 14*d + 4. What is the tens digit of g(4)?
4
Suppose 23545 = 5*p + 5*s, 1101*s - 4695 = -p + 1098*s. What is the thousands digit of p?
4
Let f = -6589 - -7301. What is the hundreds digit of f?
7
Let c = -175 - -179. Suppose -695 = -c*i + 889. What is the tens digit of i?
9
Let i be 2/(-1)*-3 - 3. Let l be 0 - (i + 1) - -4. Suppose h = 3*k - 169, k = -l*k - 5*h + 35. What is the units digit of k?
5
Let k = 75831 - 48117. What is the units digit of k?
4
Suppose -2*a + c = -0*c - 782, -4*a - 2*c + 1564 = 0. Suppose -t + 104 = r, 2*r + 49 + a = 4*t. Suppose 0 = 4*k - t - 184. What is the tens digit of k?
7
Let u(v) be the third derivative of -51*v**6/40 + v**5/30 - v**4/24 - v**3/3 - 40*v**2. What is the hundreds digit of u(-1)?
1
Let v = -103 + 107. Suppose -n + 716 = 5*w, 3*w - 440 = v*n - 2*n. What is the units digit of w?
4
Let j(a) = -117 - 146*a - 14*a - 70 + 18. What is the hundreds digit of j(-7)?
9
Suppose -2*y + 9 = -0*y - 3*o, y - 2*o - 2 = 0. Suppose -3*l + 4*c = -2081, y*l - 1372 = 10*l - 5*c. What is the units digit of l?
1
Let u = 44 + -45. Let r be (39 - (-1 + u))/(2/(-4)). Let q = r - -150. What is the tens digit of q?
6
Let b = -1906 - -3628. Let k be (-4)/(-2) + b/6. Suppose 3*i = -t + 304, -k = -2*i + 3*t - 101. What is the tens digit of i?
0
Let b(r) = 342*r**2 - 119*r - 1139. What is the tens digit of b(-9)?
3
Let y(x) = -136*x - 31. Let v be y(-5). Suppose -6*t = -v - 941. What is the hundreds digit of t?
2
Let q(z) = 2*z**3 - z**2 + 2*z - 1. Let h be q(1). Suppose h*t - 111 = 155. What is the units digit of t?
3
Let w(h) = 31*h**3 + 5*h**2 - 4*h + 5. Let z be w(3). Suppose -19*x = -14*x - z. Suppose 87*g = 92*g - x. What is the tens digit of g?
3
Suppose -k = 5*b - 63, -9*k + 7*k - 18 = -2*b. Let s = 89 - 17. Suppose -4*i - b = -s. What is the units digit of i?
5
Let q = 3029 - 1193. Suppose 0 = x - 3*x - 4*j + q, 0 = 3*x - 5*j - 2710. What is the hundreds digit of x?
9
Let u(p) = p**3 - 17*p**2 - 2*p + 19. Let r be (5 - (-32)/(-6))*-54. What is the hundreds digit of u(r)?
3
Suppose -8*c + 74933 = -131387. What is the tens digit of c?
9
Let p(n) = 13*n**2 + 55*n + 1348. What is the tens digit of p(-28)?
0
Let f = 72 - 72. Suppose 5*l = j + 834, f*l - 158 = -l - 2*j. What is the hundreds digit of l?
1
Suppose -6*t + 3*t + 44 = 4*j, -t - j + 13 = 0. Suppose -1322 = -t*v + 1806. What is the units digit of v?
1
Let x = 10720 - 5490. Suppose -2092 = -2*m + 2*k, 5*m + 17*k = 13*k + x. What is the thousands digit of m?
1
Suppose -40*h = -4*h + 9*h - 1572885. What is the thousands digit of h?
4
Let i be 172/6 - 12/(-36). Suppose i*n - 140 = n. What is the units digit of n?
5
Suppose 2*x = -5*y + 59055, 0 = 2*x + 972 - 962. What is the units digit of y?
3
What is the units digit of (-1)/((-2)/(-10)) - (-14 - (14979 + 30))?
8
Let u = -901 + -3. Let f = 1524 + u. What is the tens digit of f?
2
Let u = -3 - -5. Let v = -7190 - -7313. Suppose z + u*k - 52 = 0, v = 5*z - k - 159. What is the tens digit of z?
5
Suppose -5*t = -4*w + 20515, -8*w - 3*t + 15646 + 25293 = 0. What is the units digit of w?
0
Suppose -3*s - 3*x = -12, 36 - 24 = s + 3*x. Suppose s = 6*v - 3589 + 517. What is the tens digit of v?
1
Let q be -18*11/(-99)*(-11635)/(-2). Suppose 42*x - q = -23*x. What is the hundreds digit of x?
1
Suppose 8*s + 126 = 29*s. What is the tens digit of (2016/30)/(s/45)?
0
Let f(q) be the third derivative of q**6/120 + q**5/60 - q**4/12 + q**3/2 + 19*q**2. Let c be f(-2). Suppose -c*k + 4*k = 26. What is the units digit of k?
6
Suppose 2*v = -2, -4*f + 21 + 38 = 5*v. Suppose 8*j - 4*j + f = 0. What is the tens digit of 3/6*(120 + 2 + j)?
5
Suppose -5*p - 483 + 88 = 0. Suppose 6*q - 10*q + 4*g + 448 = 0, 0 = -q - 2*g + 121. Let i = q + p. What is the units digit of i?
6
Let h be 24/10*(-30)/(-9). Suppose -3*d + h*v + 1329 = 13*v, -5*d = 4*v - 2228. What is the hundreds digit of d?
4
Suppose -5*q + 104953 = -2*v, 148*q + 62971 = 151*q - 2*v. What is the units digit of q?
1
Let k = -8 - -8. Suppose 2*f = 5*s + 412, k*f + 3*f = -5*s - 432. Let y = s + 119. What is the tens digit of y?
3
Let d be -2980*16/(-280)*-7. Let n = d - -2157. What is the hundreds digit of n?
9
Let x = -9 - -15. Suppose -1 = -3*i + 11, 2*t = -2*i + 880. Suppose -10*y + x*y + t = 0. What is the tens digit of y?
0
Suppose 51*u - 101012 = -4*p + 55*u, 0 = -4*u. What is the hundreds digit of p?
2
Let g = -5988 - -10372. What is the units digit of g?
4
Let r be 68*(-1)/(-6) - 2/(-3). Let p be (-1 - r/(-9)) + (-128)/6. Let o = 61 + p. What is the units digit of o?
0
Let h(o) = 232*o + 11680. What is the thousands digit of h(0)?
1
Let d be 33/(298/(-76) + 4). Let l = -30 + d. What is the hundreds digit of l?
3
Suppose -4*u - 80676 = -3*z, 3*u - 90858 + 10182 = -3*z. What is the ten thousands digit of z?
2
Suppose -4*a - 5*y = 60, -a + 4*y = -52 + 46. Let t(j) = 0*j**2 + 3*j**2 - 2*j**2 + 33 + 13*j. What is the units digit of t(a)?
3
What is the thousands digit of ((-980214)/72 - (-35)/15)/(2/(-8))?
4
Suppose 22*m - 10 = 17*m. Suppose m*v + 3*x - 24 = -0*v, x = -2*v + 16. Suppose v*r + 495 = 15*r. What is the tens digit of r?
5
Let n = -3826 + 16425. What is the ten thousands digit of n?
1
Suppose -1274 = -25*u + 18*u. Let o be 1/2 + 109/2. Suppose 0 = 3*q - o - u. What is the tens digit of q?
7
What is the hundreds digit of (-740 - (2 + -4))/(126/(-1197))?
0
Let q = -35897 - -89103. What is the ten thousands digit of q?
5
Let x = 29385 + -16496. What is the tens digit of x?
8
Let n(p) = -1. Let h(y) = -3*y**2 - 7*y + 7. Let i(r) = -h(r) - 3*n(r). Let g be i